{"id":2,"date":"2016-05-10T03:48:21","date_gmt":"2016-05-10T03:48:21","guid":{"rendered":"http:\/\/immo.brillen-mueller-cochem.de\/?page_id=2"},"modified":"2017-03-29T05:47:53","modified_gmt":"2017-03-29T05:47:53","slug":"sample-page","status":"publish","type":"page","link":"https:\/\/immo.brillen-mueller-cochem.de\/","title":{"rendered":"Gesch\u00e4ftsr\u00e4ume zu vermieten"},"content":{"rendered":"<p>Wir bieten zwei attraktive Gesch\u00e4ftsr\u00e4ume in der Stadt Kaisersesch (direkt an der A 48) und \u00a0in der Verbandsgemeinde Ulmen (Eifel)\u00a0in ansprechender Lage.<\/p>\n<figure id=\"attachment_29\" aria-describedby=\"caption-attachment-29\" style=\"width: 300px\" class=\"wp-caption alignnone\"><a href=\"https:\/\/immo.brillen-mueller-cochem.de\/?page_id=11\"><img loading=\"lazy\" decoding=\"async\" class=\"wp-image-29 size-medium\" src=\"https:\/\/immo.brillen-mueller-cochem.de\/wp-content\/uploads\/2017\/03\/Kaisersesch_aussen-300x200.jpg\" alt=\"\" width=\"300\" height=\"200\" srcset=\"https:\/\/immo.brillen-mueller-cochem.de\/wp-content\/uploads\/2017\/03\/Kaisersesch_aussen-300x200.jpg 300w, https:\/\/immo.brillen-mueller-cochem.de\/wp-content\/uploads\/2017\/03\/Kaisersesch_aussen-768x512.jpg 768w, https:\/\/immo.brillen-mueller-cochem.de\/wp-content\/uploads\/2017\/03\/Kaisersesch_aussen.jpg 1024w\" sizes=\"(max-width: 300px) 100vw, 300px\" \/><\/a><figcaption id=\"caption-attachment-29\" class=\"wp-caption-text\">Gesch\u00e4ftsr\u00e4ume in Kaisersesch<\/figcaption><\/figure>\n<figure id=\"attachment_28\" aria-describedby=\"caption-attachment-28\" style=\"width: 300px\" class=\"wp-caption alignnone\"><a href=\"https:\/\/immo.brillen-mueller-cochem.de\/?page_id=33\"><img loading=\"lazy\" decoding=\"async\" class=\"wp-image-28 size-medium\" src=\"https:\/\/immo.brillen-mueller-cochem.de\/wp-content\/uploads\/2017\/03\/2007-04-18-148-Kopie-300x200.jpg\" alt=\"\" width=\"300\" height=\"200\" srcset=\"https:\/\/immo.brillen-mueller-cochem.de\/wp-content\/uploads\/2017\/03\/2007-04-18-148-Kopie-300x200.jpg 300w, https:\/\/immo.brillen-mueller-cochem.de\/wp-content\/uploads\/2017\/03\/2007-04-18-148-Kopie-768x512.jpg 768w, https:\/\/immo.brillen-mueller-cochem.de\/wp-content\/uploads\/2017\/03\/2007-04-18-148-Kopie.jpg 1024w\" sizes=\"(max-width: 300px) 100vw, 300px\" \/><\/a><figcaption id=\"caption-attachment-28\" class=\"wp-caption-text\">Gesch\u00e4ftsr\u00e4ume in Ulmen<\/figcaption><\/figure>\n","protected":false},"excerpt":{"rendered":"<p>Wir bieten zwei attraktive Gesch\u00e4ftsr\u00e4ume in der Stadt Kaisersesch (direkt an der A 48) und \u00a0in der Verbandsgemeinde Ulmen (Eifel)\u00a0in ansprechender Lage.<\/p>\n","protected":false},"author":1,"featured_media":0,"parent":0,"menu_order":0,"comment_status":"closed","ping_status":"open","template":"","meta":{"footnotes":""},"_links":{"self":[{"href":"https:\/\/immo.brillen-mueller-cochem.de\/index.php?rest_route=\/wp\/v2\/pages\/2"}],"collection":[{"href":"https:\/\/immo.brillen-mueller-cochem.de\/index.php?rest_route=\/wp\/v2\/pages"}],"about":[{"href":"https:\/\/immo.brillen-mueller-cochem.de\/index.php?rest_route=\/wp\/v2\/types\/page"}],"author":[{"embeddable":true,"href":"https:\/\/immo.brillen-mueller-cochem.de\/index.php?rest_route=\/wp\/v2\/users\/1"}],"replies":[{"embeddable":true,"href":"https:\/\/immo.brillen-mueller-cochem.de\/index.php?rest_route=%2Fwp%2Fv2%2Fcomments&post=2"}],"version-history":[{"count":8,"href":"https:\/\/immo.brillen-mueller-cochem.de\/index.php?rest_route=\/wp\/v2\/pages\/2\/revisions"}],"predecessor-version":[{"id":73,"href":"https:\/\/immo.brillen-mueller-cochem.de\/index.php?rest_route=\/wp\/v2\/pages\/2\/revisions\/73"}],"wp:attachment":[{"href":"https:\/\/immo.brillen-mueller-cochem.de\/index.php?rest_route=%2Fwp%2Fv2%2Fmedia&parent=2"}],"curies":[{"name":"wp","href":"https:\/\/api.w.org\/{rel}","templated":true}]}}